test common factor of 441 and d?
9
Suppose 55*p - 847 = -66*p. Let o(j) = 76*j**2 - 2*j - 1. Let g be o(-1). Calculate the greatest common factor of p and g.
7
Let r(h) be the first derivative of -11*h**3/3 + h**2 + h + 4. Let o be r(-1). Let z be (-16)/o*6 - 2. What is the greatest common divisor of z and 15?
3
Let v be (-1)/((-1)/(-3)*-1*(-3)/(-707)). Calculate the highest common factor of 21 and v.
7
Suppose 13*x - 198*x + 937379 - 210884 = 0. Calculate the greatest common divisor of x and 14.
7
Suppose 0*l = -131*l + 13100. Calculate the greatest common divisor of 940 and l.
20
Let w be ((-91)/26 - 2)*252/(-33). What is the highest common divisor of w and 7770?
42
Let v = 111 + -111. Suppose -4*n + 16*n - 60 = v. Calculate the greatest common factor of 35 and n.
5
Suppose -5*g + 52*g = -11*g + 2262. Calculate the highest common factor of g and 26.
13
Suppose 1215*o - 476 + 176 = 1185*o. What is the greatest common divisor of 1320 and o?
10
Let w(y) = 1167*y**3 + 2*y**2 + y - 2. Let s be w(1). Suppose 5*h - h - l = 2324, 2*h = 2*l + s. Calculate the highest common factor of h and 58.
58
Let k(m) = m - 16. Let q = 25 + -5. Let c be k(q). Suppose -77 = -7*g - c*g. What is the greatest common factor of g and 21?
7
Suppose -165*d - 20 = -166*d. Let n(t) = -t**3 + 3*t**2 - 2*t + 9. Let p be n(4). Let w be 1 - (p - 1/(-1)). What is the highest common divisor of d and w?
5
Let o(b) = 13*b**2 - 34*b - 292. Let x be o(-6). What is the greatest common factor of 9310 and x?
190
Let c(g) = 2*g**2 + 29*g + 44. Let d be c(-13). Let y be 8/(-12)*-30*1. Calculate the greatest common divisor of d and y.
5
Suppose 66*s = -253*s + 19769 - 2862. Calculate the highest common divisor of 2862 and s.
53
Suppose a = 16*k - 12*k - 5769, -5*k = -3*a - 7220. What is the greatest common divisor of 11 and k?
11
Let h be -21*(-5 - (-1 + -3)). Let n be 3/(-2)*(-70)/h. Let a(f) = -f**3 + 6*f**2 - 3*f - 5. Let w be a(n). Calculate the highest common divisor of 10 and w.
5
Let w be 8*(-4)/6*(-27)/72. Let c be (1 + -2 + -2 + 4)*w. Let q(f) = f**3 + 4*f**2 - 2*f + 3. Let k be q(c). Calculate the highest common factor of 253 and k.
23
Suppose -u + 3*z + 2489 = 0, 4*u - 4*z - 10012 = -0*z. What is the highest common factor of 40 and u?
10
Let o = 227 - -268. What is the highest common factor of o and 231?
33
Let d = -2 + 7. Let o be 24/252 - (-258)/(-63). Let w be ((35/o)/(-7))/((-1)/(-4)). Calculate the greatest common divisor of w and d.
5
Let k(t) = -t**2 + 203*t + 2498. Let l be k(-11). What is the highest common factor of 40752 and l?
144
Suppose 0 = 13*o - 15*o + 3*j + 111, 15 = -5*j. Calculate the greatest common factor of o and 8449.
17
Let z(s) = s**3 + 15*s**2 - 4*s - 55. Let r be z(-15). Suppose -4*j - 588 = -d, -22*d + 18*d + 2415 = r*j. What is the highest common factor of 24 and d?
24
Suppose -5*y + 102 = 2*m, 7*m - 5*y = 6*m + 21. Let r(s) = 14*s - 1. Let l = -87 + 90. Let k be r(l). Calculate the highest common divisor of m and k.
41
Suppose 0 = -5*h + 30, -3*d - 7*h + 54 = -4*h. What is the highest common factor of d and 1536?
12
Let r(f) = -3*f**2 - 4*f + 2. Let h be r(-2). Let l be 38/171 + 824/18 + h. What is the greatest common divisor of 110 and l?
22
Let p be 0/2 + 21/(-1). Suppose 1763 = 21*f + 20*f. Let w = p + f. Calculate the highest common divisor of w and 242.
22
Let u be (21294/49)/((-5)/(-70)*1). Calculate the highest common factor of u and 18.
18
Suppose -2*p + 10 = -0, -4*p + 83 = j. Let s(b) = -16*b + 52. Let l be s(7). Let u = j + l. What is the highest common factor of 9 and u?
3
Suppose -28*i = -122884 - 70372. What is the greatest common divisor of i and 476?
238
Let o = -8163 - -12915. Calculate the greatest common factor of o and 1512.
216
Let f = 4727 + -4726. Let c(i) = 3*i - 3 + 42*i**3 - 1 - i**2 + 1. Let z be c(f). Calculate the greatest common divisor of z and 123.
41
Suppose 0 = -5*y - 3*c + 1594, 0 = -5*y - 0*y + c + 1602. Suppose -2*g = 3*g - y. Suppose u = 4*u - 480. What is the greatest common divisor of u and g?
32
Let z(h) = h**2 + 3*h. Let j be z(-7). Let i = 11152 - 10704. What is the highest common divisor of j and i?
28
Let w = 582 + -334. Suppose -124 + 183 = 19*i - 245. What is the highest common divisor of w and i?
8
Suppose -3*u + 1352 = -w + 6*w, 448 = u + w. Let h be (-28)/49 + (170950/(-175))/(-26). What is the greatest common factor of h and u?
37
Let x(s) = -s**2 - 15*s - 22. Let u be (120/18)/(8/12). Let k be 164/(-20) + (-8)/u. Let g be x(k). What is the greatest common divisor of 48 and g?
16
Let n = 3 + 1. Suppose n*m + 5*s = 149, -5*m + 2*s - s = -179. Let k = 40 - 31. Calculate the highest common divisor of k and m.
9
Let n(g) = -297*g + 907. Let t be n(-9). Calculate the greatest common divisor of 80 and t.
20
Suppose 33*k = -32*k + 40*k + 450. What is the highest common divisor of k and 35226?
18
Let j(s) be the first derivative of 8*s**3/3 + 3*s**2 - 6*s + 21. Let d be j(-4). Suppose 0 = h - d + 26. What is the greatest common divisor of h and 9?
9
Let p be -2*7/42 + 62/(-3). Let x(r) = -r**3 - 20*r**2 + 20*r + 11. Let b be x(p). Calculate the greatest common divisor of b and 24.
8
Suppose 2*z = 3*f - 34, -3*z - 6 - 15 = -2*f. Suppose -14 = y - 0*y - 4*v, -2*y - 2*v + f = 0. Calculate the greatest common factor of 11 and y.
1
Suppose -1266 = -161*h + 164*h. Let p = h - -566. Calculate the highest common divisor of 36 and p.
36
Let b = -2953 + 3095. Calculate the highest common factor of b and 71.
71
Suppose 2*x = -3*v + 27, -12 = -2*x - 0*v + 2*v. Suppose -x*a + 6*a = -105. Suppose 4*f - a - 37 = 0. Calculate the highest common factor of f and 9.
9
Let f be -1 + (-1)/(-4) - (-15)/(-12). Let d be -5 + f*(-1 + 1 + 1). Let q = -5 - d. What is the greatest common divisor of 18 and q?
2
Suppose -2*n - 34*o + 35*o + 52 = 0, 5*o - 118 = -4*n. What is the highest common factor of n and 3357?
9
Let z be (1048/16 - 7)*(-4)/(-3). What is the highest common divisor of z and 9048?
78
Suppose 3*p - f - 5 = 0, 4*f - 8 = 7*p - 9*p. Suppose -p*t - 152 = -5*k, -4*t - 9 = k - 57. Calculate the highest common divisor of 224 and k.
32
Let d be 39/(-52) - (4065/(-12) - 1). Let m = d - 320. What is the greatest common divisor of m and 209?
19
Let w(y) = -29*y - 243. Suppose 0 = 2*j + s - 7 + 22, 5*s = -4*j - 15. Let c be w(j). Calculate the highest common divisor of 423 and c.
47
Suppose -50*n + 84*n - 4200 = -71*n. Calculate the highest common divisor of 10760 and n.
40
Suppose -3*y = -4*y - 2*c - 30, -y - 4*c - 36 = 0. Let h be y/7*(-21)/2. Calculate the highest common divisor of h and 3.
3
Suppose -73*n + 208512 = -9*n. What is the greatest common factor of 18 and n?
18
Let p(z) = 10*z**3 + 2*z**2 - z. Let g be p(1). Let w be (-78)/(-19) + 24/(-228) + 7. Calculate the greatest common factor of g and w.
11
Let j be 26/22 + 3 - 16/88. Suppose 0 = 5*p + 5*g - g - 13, -j*g = -4*p - 4. Calculate the highest common factor of 17 and p.
1
Let q be ((-7)/105*-6)/((-1)/(-30)). Let n = -28 - 28. Let g = -8 - n. What is the greatest common divisor of g and q?
12
Let o = -3915 + 4747. Calculate the highest common divisor of o and 640.
64
Suppose 5*n = 6*a - 10*a - 1687, -349 = n - 5*a. Let r = n - -494. Calculate the highest common divisor of r and 5.
5
Let l(k) = 16*k - 287. Let f be l(20). What is the greatest common divisor of 1441 and f?
11
Let t be 3*(0 - 1)*6/18*-8426. Calculate the highest common factor of t and 44.
22
Let m(v) = -v**2 - 18*v + 83. Let s be m(-21). Let u = 34 - s. Calculate the greatest common factor of u and 154.
14
Suppose -3*j - 331 + 105 = -5*r, 0 = -5*r - 2*j + 216. Calculate the greatest common divisor of 671 and r.
11
Let l be 8/28 - (-626)/14. Suppose 0 = z - l - 7. Suppose 20*s - 93 - 427 = 0. Calculate the highest common factor of s and z.
26
Let x(t) = -t**2 + 3*t - 987. Let u be x(0). Let w = u - -1029. Suppose 225 = 2*r + 3*y, 4*r + 3*y - 422 = 13. What is the highest common divisor of w and r?
21
Suppose 4 = -q, 3*g - 5*q = 21 + 29. Let t(x) = -x + 16. Let n be t(g). Let y be (6/7)/((-2)/(-154)). Calculate the greatest common factor of y and n.
6
Let q(w) = 7*w**2 - 8*w + 8. Let r be -4 + 6 + -3 + 4 + -1. Let i be q(r). Calculate the highest common divisor of i and 100.
20
Let i(b) = -b**2 + 112